100010000010101000?
-11011100010000001000111
In base 11, what is -1265813 - -8a?
-1265734
In base 7, what is 1 + -200225130?
-200225126
In base 11, what is 293 - 1a64?
-1781
In base 4, what is -2110300200203231 + -10?
-2110300200203301
In base 16, what is 40a7 + 202?
42a9
In base 6, what is 10 + -22151121?
-22151111
In base 15, what is 2a1 + 1173d8?
117689
In base 4, what is -2131222 + 12023?
-2113133
In base 7, what is -11 + -12056422?
-12056433
In base 15, what is 5b - -17121?
1717c
In base 8, what is -46062 + 202?
-45660
In base 10, what is 2 + 92086?
92088
In base 15, what is -a - 13dbc80?
-13dbc8a
In base 6, what is 341414 + 1055?
342513
In base 14, what is 1c - -4b32c2?
4b3300
In base 8, what is -2656 - -53410?
50532
In base 12, what is 1737348 - 10?
1737338
In base 11, what is 39731073 - 5?
39731069
In base 11, what is -335 - 37949?
-38183
In base 3, what is -202012211 + 11201?
-202001010
In base 6, what is -15340435 + 104?
-15340331
In base 4, what is 20 - 312110?
-312030
In base 9, what is 1181835 + -2?
1181833
In base 14, what is 4 + -c464b8?
-c464b4
In base 8, what is -1131307 - 5?
-1131314
In base 13, what is -2 + 1cc7279?
1cc7277
In base 16, what is -a071ee + 29?
-a071c5
In base 10, what is -11719 + -1440?
-13159
In base 7, what is -3461 + -2236?
-6030
In base 12, what is -a40b - -25a9?
-7a22
In base 3, what is 122020021012 + 1010200?
122021101212
In base 3, what is -2210212021000201222 + -2?
-2210212021000202001
In base 15, what is 38 - -d618a?
d61c3
In base 7, what is 325650 + -2500?
323150
In base 16, what is -1f5ae + 2b47?
-1ca67
In base 8, what is -263641057 + -5?
-263641064
In base 13, what is -105a - 84a3?
-9530
In base 16, what is -4acce4 - 47?
-4acd2b
In base 4, what is -2 - -112233030312?
112233030310
In base 12, what is 197 + -96624?
-96449
In base 2, what is 1011100011 + -1100010000111?
-1010110100100
In base 8, what is 1647 + -215016?
-213147
In base 7, what is 12323146 + -1026?
12322120
In base 5, what is -2231334 - -10234?
-2221100
In base 11, what is 2 + 13661194?
13661196
In base 8, what is 6 + 240235656?
240235664
In base 11, what is 19245 - -21573?
3a808
In base 16, what is 9b3 - 222ca?
-21917
In base 5, what is -323304 + 330331?
2022
In base 3, what is -100221 + 1202020100220?
1202012222222
In base 15, what is 1ba106 - -43d?
1ba544
In base 11, what is -99988 + 40?
-99948
In base 7, what is -233260250 - -3?
-233260244
In base 8, what is 10073 - -632?
10725
In base 4, what is 1012133321 + 31?
1012200012
In base 6, what is 303311 - 135034?
124233
In base 7, what is 164 - 1260356?
-1260162
In base 13, what is 708406 + 23?
708429
In base 2, what is 1011 - 111010000000111101101?
-111010000000111100010
In base 5, what is 1132304 - 3431?
1123323
In base 9, what is 177505 + -11344?
166151
In base 13, what is -762 - -17351?
168bc
In base 8, what is -533 + 124703?
124150
In base 10, what is -11500065 + 6?
-11500059
In base 2, what is 1100100101 + 10011111000101100001?
10011111010010000110
In base 14, what is b - 2d01a75?
-2d01a68
In base 7, what is -3 - 223515205?
-223515211
In base 13, what is 840b8b7 + -5?
840b8b2
In base 12, what is -22800 - 22?
-22822
In base 16, what is -1cd3 - 1da7?
-3a7a
In base 14, what is d51 - 3531?
-25c0
In base 11, what is 13695 - 2916?
1087a
In base 14, what is -37264 + 7c0?
-36884
In base 13, what is 304 + -97c07?
-97903
In base 16, what is -c5539 - -3?
-c5536
In base 11, what is -1005 + 26?
-a8a
In base 10, what is -175 - -5006?
4831
In base 2, what is -10 - 111000000111111001010?
-111000000111111001100
In base 12, what is -1735a13b - -4?
-1735a137
In base 8, what is -2 + 141701673?
141701671
In base 16, what is -28 - -ce336?
ce30e
In base 2, what is 10111110011100011 + -10110001111?
10111011101010100
In base 11, what is -44a6 + -3970?
-8366
In base 3, what is -21100220 - -221002221?
122202001
In base 9, what is 16040441 - -300?
16040741
In base 9, what is -2081 - 80153?
-82244
In base 13, what is -2a5 - 2590?
-2865
In base 4, what is 3 + 2113023333203?
2113023333212
In base 8, what is 452341 - 711?
451430
In base 3, what is 21021201 + -121101011?
-100002110
In base 11, what is 3a991 - 2702?
3828a
In base 10, what is 1958053949 + -5?
1958053944
In base 16, what is -5e813 + 1a8?
-5e66b
In base 5, what is 33144210 + -240?
33143420
In base 8, what is 331 + -44716?
-44365
In base 14, what is -3 - c3950?
-c3953
In base 6, what is -544 - -424343?
423355
In base 13, what is a6b - -4409?
5177
In base 8, what is 4077452 + 56?
4077530
In base 4, what is -22321 + 1102002121?
1101313200
In base 12, what is -102381a - 10?
-102382a
In base 10, what is 369 + 857753?
858122
In base 15, what is 65d6 + -e68?
566d
In base 4, what is 201310003210 + 21?
201310003231
In base 10, what is 1 + -46102755?
-46102754
In base 4, what is 1 + -220223001?
-220223000
In base 15, what is -9 + 65a08?
659ee
In base 5, what is 2344 - 13404414?
-13402020
In base 8, what is -4 + -6331522?
-6331526
In base 11, what is 152086 + a47?
153022
In base 3, what is -11 - 11101122021021?
-11101122021102
In base 12, what is 1a44496 + -2?
1a44494
In base 4, what is 10 - 1010202303210?
-1010202303200
In base 5, what is 1340134 + -402214?
432420
In base 9, what is -138635737 + 5?
-138635732
In base 16, what is -4 + 7dd1db?
7dd1d7
In base 16, what is 7125 + 2fe?
7423
In base 12, what is 38 - 1a0625?
-1a05a9
In base 6, what is -1 + -5012400?
-5012401
In base 4, what is -3012333 - 3203?
-3022202
In base 7, what is -53050355 + -6?
-53050364
In base 13, what is -181a2 + 150?
-18052
In base 5, what is -200241 - 103042?
-303333
In base 4, what is -103 - 1031202322302?
-1031202323011
In base 4, what is 1312 - 12223223?
-12221311
In base 14, what is 8 - -b2c61?
b2c69
In base 11, what is 12685 - -4763?
17338
In base 14, what is 13b6cc5a + -5?
13b6cc55
In base 14, what is 241b0 + 4cd?
2469d
In base 16, what is -de3493c + -4?
-de34940
In base 11, what is -2323aa16 - 5?
-2323aa20
In base 2, what is -1 + -111011011011011001001?
-111011011011011001010
In base 2, what is 1010010001001001111100111 + 1101?
1010010001001001111110100
In base 14, what is aa01 - -3109?
db0a
In base 9, what is 2730 - 612526?
-608686
In base 2, what is -10010110 - 100000001010001010101011?
-100000001010001101000001
In base 4, what is -31032313100 - 2?
-31032313102
In base 8, what is 2 - 4450547?
-4450545
In base 8, what is 33761 - 602?
33157
In base 12, what is 173385728 - 2?
173385726
In base 13, what is 9 - 25367?
-2535b
In base 14, what is -1ba80 - -15d4?
-1a48a
In base 2, what is 10010011010 - 100001101100101100?
-100001011010010010
In base 6, what is -10213 + -4532?
-15145
In base 12, what is 188715148 - 4?
188715144
In base 12, what is -7 + -13411564?
-1341156b
In base 14, what is 131d9bd4 + 0?
131d9bd4
In base 9, what is -66033646 - -10?
-66033636
In base 3, what is -12120010101 - -2?
-12120010022
In base 12, what is 5 + -2041a467?
-2041a462
In base 15, what is -3 - -2a3ae0?
2a3adc
In base 5, what is -104330 - -221332?
112002
In base 9, what is -4 - -67642226?
67642222
In base 5, what is 4122011302 - 202?
4122011100
In base 15, what is 5a9a + b?
5aa6
In base 13, what is -2260c5a8 - 2?
-2260c5aa
In base 8, what is 401324 - 574?
400530
In base 12, what is 3326692 - -1?
3326693
In base 8, what is 413604207 - -5?
413604214
In base 14, what is 1 - 3dd67?
-3dd66
In base 12, what is b + -78aa506?
-78aa4b7
In base 4, what is -3 - -2122210330?
2122210321
In base 10, what is -3 - 198480367?
-198480370
In base 14, what is aa01 - 2525?
84ba
In base 2, what is 101010011001010110011011 + -101?
101010011001010110010110
In base 14, what is -3da - 1483b?
-14c37
In base 13, what is -1 + 8a444?
8a443
In base 8, what is 5 - 160414537?
-160414532
In base 13, what is 3897a47 - -1?
3897a48
In base 15, what is 2e147 + -59?
2e0dd
In base 7, what is 10564225423 + -5?
10564225415
In base 8, what is 3 + -3225622?
-3225617
In base 9, what is 3443 + 345?
3788
In base 10, what is -874 + -5133?
-6007
In base 2, what is 11111001001011010100 + 111?
11111001001011011011
In base 13, what is -b2169 - -11?
-b2158
In base 12, what is -a8b3 + -2a5?
-ab98
In base 10, what is 4 - -28594388?
28594392
In base 10, what is -43 + 2117555?
2117512
In base 6, what is 100405 + 202300?
303105
In base 10, what is 3106 + -